{"id":15838,"date":"2025-10-28T17:05:58","date_gmt":"2025-10-28T10:05:58","guid":{"rendered":"https:\/\/web-ban-le.mbws.vn\/thiet-bi-dien-tu\/?post_type=product&#038;p=15838"},"modified":"2025-11-04T13:19:45","modified_gmt":"2025-11-04T06:19:45","slug":"hub-usb-4-cong-hoco-hb1-bo-chia-usb-2-0-dung-cho-laptop-may-tinh-ban","status":"publish","type":"product","link":"https:\/\/web-ban-le.mbws.vn\/thiet-bi-dien-tu\/san-pham\/hub-usb-4-cong-hoco-hb1-bo-chia-usb-2-0-dung-cho-laptop-may-tinh-ban\/","title":{"rendered":"Hub usb 4 c\u1ed5ng HOCO HB1 &#8211; B\u1ed9 chia usb 2.0 d\u00f9ng cho laptop m\u00e1y t\u00ednh b\u00e1n"},"content":{"rendered":"<div class=\"e8lZp3\">\n<p class=\"QN2lPu\">* * * * * * * * * * * * * * * * * * * * * * * * * * * * * * * GI\u1edaI THI\u1ec6U  SHOP* * * * * * * * * * * * * * * * * * * * * * * * * * * * * * <\/p>\n<p class=\"QN2lPu\">\n<p class=\"QN2lPu\">&#8211; Th\u01b0\u01a1ng hi\u1ec7u Hoco \u0111\u00e3 ho\u1ea1t \u0111\u1ed9ng 10 n\u0103m \u0111\u00e3 kh\u1eb3ng \u0111\u1ecbnh \u0111\u01b0\u1ee3c ch\u1ea5t l\u01b0\u1ee3ng v\u00e0 vi th\u1ebf trong l\u00f2ng ng\u01b0\u1eddi ti\u00eau d\u00f9ng .<\/p>\n<p class=\"QN2lPu\">\n<p class=\"QN2lPu\">* * * * * * * * * * * * * * * * * * * * * * * * * * * * * * TH\u00d4NG TIN S\u1ea2N PH\u1ea8M* * * * * * * * * * * * * * * * * * * * * * * * * * * *<\/p>\n<p class=\"QN2lPu\">1. 4 giao di\u1ec7n USB 2.0 ri\u00eang bi\u1ec7t.<\/p>\n<p class=\"QN2lPu\">2. C\u1ed5ng USB 2.0 \u0111\u1ea7u ra ph\u00e2n ph\u1ed1i th\u00f4ng minh hi\u1ec7n t\u1ea1i, \u0111\u1ea7u ra t\u1ed1i \u0111a 5V, <\/p>\n<p class=\"QN2lPu\">500mA hi\u1ec7n t\u1ea1i (PC), t\u1ed1c \u0111\u1ed9 truy\u1ec1n d\u1eef li\u1ec7u gi\u00e1 tr\u1ecb l\u00fd thuy\u1ebft l\u00e0 480mbps <\/p>\n<p class=\"QN2lPu\">(60 Mb \/ s); c\u00f3 th\u1ec3 \u1ed5 \u0111\u0129a c\u1ee9ng di \u0111\u1ed9ng d\u01b0\u1edbi 1 Tb.<\/p>\n<p class=\"QN2lPu\">3. K\u00edch th\u01b0\u1edbc: 78 * 25 * 25mm, chi\u1ec1u d\u00e0i d\u1eef li\u1ec7u 80cm, tr\u1ecdng l\u01b0\u1ee3ng t\u1ecbnh:<\/p>\n<p class=\"QN2lPu\"> 63g.<\/p>\n<p class=\"QN2lPu\">4. Truy\u1ec1n d\u1eef li\u1ec7u \u1ed5n \u0111\u1ecbnh, m\u1edf r\u1ed9ng giao di\u1ec7n USB cho m\u00e1y t\u00ednh \u0111\u1ec3 b\u00e0n v\u00e0 <\/p>\n<p class=\"QN2lPu\">m\u00e1y t\u00ednh x\u00e1ch tay.<\/p>\n<p class=\"QN2lPu\">5. K\u1ebft c\u1ea5u tinh t\u1ebf, c\u1ea5u tr\u00fac \u0111\u01a1n gi\u1ea3n, t\u1eadn d\u1ee5ng kh\u00f4ng gian cao.<\/p>\n<p class=\"QN2lPu\">\n<p class=\"QN2lPu\">B\u1ed8 S\u1ea2N PH\u1ea8M BAO G\u1ed2M<\/p>\n<p class=\"QN2lPu\">1 : HUB USB<\/p>\n<p class=\"QN2lPu\">\n<p class=\"QN2lPu\">* * * * * * * * * * * * * * * * * * * * * * * * * * QUY\u1ec0N L\u1ee2I C\u1ee6A KH\u00c1CH H\u00c0NG * * * * * * * * * * * * * * * * * * * * * * * * * * * <\/p>\n<p class=\"QN2lPu\">\n<p class=\"QN2lPu\">&#8211; H\u00e0ng ch\u00ednh h\u00e3ng 100%<\/p>\n<p class=\"QN2lPu\">&#8211; Lu\u00f4n lu\u00f4n s\u1eb5n h\u00e0ng , th\u1eddi gian \u0111\u00f3ng g\u00f3i nhanh tr\u00f3ng<\/p>\n<p class=\"QN2lPu\">&#8211; d\u1eef v\u1ecf h\u1ed9p \u0111\u1ec3 \u0111\u01b0\u1ee3c h\u1ed7 tr\u1ee3 khi s\u1ea3n ph\u1ea9m l\u1ed7i .<\/p>\n<\/div>\n","protected":false},"excerpt":{"rendered":"<p>* * * * * * * * * * * * * * * * * * * * * * * * * * * * * * * GI\u1edaI THI\u1ec6U SHOP* * * * * * * * * * * * * * * * * * * * * *&#8230;<\/p>\n","protected":false},"featured_media":15901,"comment_status":"open","ping_status":"closed","template":"","meta":[],"product_brand":[1881],"product_cat":[1836],"product_tag":[],"class_list":{"0":"post-15838","1":"product","2":"type-product","3":"status-publish","4":"has-post-thumbnail","6":"product_brand-hoco","7":"product_cat-bo-chia-cong-usb-doc-the-nho","9":"first","10":"instock","11":"sale","12":"shipping-taxable","13":"purchasable","14":"product-type-variable"},"_links":{"self":[{"href":"https:\/\/web-ban-le.mbws.vn\/thiet-bi-dien-tu\/wp-json\/wp\/v2\/product\/15838","targetHints":{"allow":["GET"]}}],"collection":[{"href":"https:\/\/web-ban-le.mbws.vn\/thiet-bi-dien-tu\/wp-json\/wp\/v2\/product"}],"about":[{"href":"https:\/\/web-ban-le.mbws.vn\/thiet-bi-dien-tu\/wp-json\/wp\/v2\/types\/product"}],"replies":[{"embeddable":true,"href":"https:\/\/web-ban-le.mbws.vn\/thiet-bi-dien-tu\/wp-json\/wp\/v2\/comments?post=15838"}],"wp:featuredmedia":[{"embeddable":true,"href":"https:\/\/web-ban-le.mbws.vn\/thiet-bi-dien-tu\/wp-json\/wp\/v2\/media\/15901"}],"wp:attachment":[{"href":"https:\/\/web-ban-le.mbws.vn\/thiet-bi-dien-tu\/wp-json\/wp\/v2\/media?parent=15838"}],"wp:term":[{"taxonomy":"product_brand","embeddable":true,"href":"https:\/\/web-ban-le.mbws.vn\/thiet-bi-dien-tu\/wp-json\/wp\/v2\/product_brand?post=15838"},{"taxonomy":"product_cat","embeddable":true,"href":"https:\/\/web-ban-le.mbws.vn\/thiet-bi-dien-tu\/wp-json\/wp\/v2\/product_cat?post=15838"},{"taxonomy":"product_tag","embeddable":true,"href":"https:\/\/web-ban-le.mbws.vn\/thiet-bi-dien-tu\/wp-json\/wp\/v2\/product_tag?post=15838"}],"curies":[{"name":"wp","href":"https:\/\/api.w.org\/{rel}","templated":true}]}}